{"id":158,"date":"2019-03-23T08:41:08","date_gmt":"2019-03-23T08:41:08","guid":{"rendered":"http:\/\/adamtextiel.rs\/?page_id=158"},"modified":"2023-11-06T08:18:59","modified_gmt":"2023-11-06T08:18:59","slug":"o-nama","status":"publish","type":"page","link":"https:\/\/adamtextiel.rs\/hu\/o-nama\/","title":{"rendered":"R\u00f3lunk"},"content":{"rendered":"<div class=\"row row-large align-middle align-center row-divided\"  id=\"row-949958675\">\n<div class=\"col medium-5 small-12 large-5\"  ><div class=\"col-inner\"  >\n\n  <div class=\"banner has-hover\" id=\"banner-149748427\">\n          <div class=\"banner-inner fill\">\n        <div class=\"banner-bg fill\" >\n            <div class=\"bg fill bg-fill \"><\/div>\n                                    \n                    <\/div><!-- bg-layers -->\n        <div class=\"banner-layers container\">\n            <div class=\"fill banner-link\"><\/div>            \n   <div id=\"text-box-35557209\" class=\"text-box banner-layer x50 md-x50 lg-x50 y50 md-y50 lg-y50 res-text\">\n                                <div class=\"text dark\">\n              \n              <div class=\"text-inner text-center\">\n                  \n              <\/div>\n           <\/div><!-- text-box-inner -->\n                            \n<style scope=\"scope\">\n\n#text-box-35557209 {\n  width: 60%;\n}\n#text-box-35557209 .text {\n  font-size: 100%;\n}\n<\/style>\n    <\/div><!-- text-box -->\n \n        <\/div><!-- .banner-layers -->\n      <\/div><!-- .banner-inner -->\n\n            \n<style scope=\"scope\">\n\n#banner-149748427 {\n  padding-top: 943px;\n}\n#banner-149748427 .bg.bg-loaded {\n  background-image: url(https:\/\/adamtextiel.rs\/wp-content\/uploads\/2019\/03\/Zid_Kabina_KONC_1_MIX-1.jpg);\n}\n#banner-149748427 .bg {\n  background-position: 100% 94%;\n}\n<\/style>\n  <\/div><!-- .banner -->\n\n\n<\/div><\/div>\n<div class=\"col medium-5 small-12 large-5\"  ><div class=\"col-inner\"  >\n<p>Az \u201eAdamtextiel\u201d doo 2007-ben alapult csal\u00e1di v\u00e1llalkoz\u00e1s. C\u00e9g\u00fcnk kiz\u00e1r\u00f3lag megb\u00edzhat\u00f3 Holland begy\u00fcjt\u0151 c\u00e9gb\u0151l sz\u00e1rmaz\u00f3 min\u0151s\u00e9gi haszn\u00e1ltruh\u00e1t forgalmaz. Az \u00e1r\u00fat k\u00f6zvetlen\u00fcl import\u00e1ljuk k\u00fclf\u00f6ldr\u0151l, \u00edgy teljes m\u00e9rt\u00e9kben \u00e9rintetlen magas min\u0151s\u00e9g\u0171 haszn\u00e1ltruh\u00e1val tudunk dolgozni, kiker\u00fclve a plusz behozatali k\u00f6lts\u00e9geket \u00e9s ez\u00e1ltal biztos\u00edtva a legalacsonyabb \u00e9rt\u00e9kes\u00edt\u00e9si \u00e1rat.<br \/>\nSz\u00e9les k\u00edn\u00e1latunkban megtal\u00e1lhat\u00f3 n\u0151i, f\u00e9rfi \u00e9s gyermek haszn\u00e1ltruha, valamint sz\u00e1mos egy\u00e9b kieg\u00e9szit\u0151, mint az \u00f6vek, t\u00e1sk\u00e1k, b\u0151r\u00e1r\u00fa \u00e9s lak\u00e1stext\u00edlia.<br \/>\nTerm\u00e9keink k\u00f6z\u00f6tt ismert nemzetk\u00f6zi m\u00e1rk\u00e1k ruh\u00e1i szerepelnek, mint pl. BOSS, ZARA, TOMMY HILFIGER, H&amp;M, NIKE, ADIDAS, CAMEL\u2026<br \/>\nAz \u00e1r\u00fa els\u0151 oszt\u00e1ly\u00fa, extra \u00e9s kr\u00e9m min\u0151s\u00e9gi kateg\u00f3ri\u00e1kra v\u00e1logatva \u00e9rkezik az orsz\u00e1gba, kiz\u00e1r\u00f3lag fert\u0151tlen\u00edtett \u00e9s csomagolt form\u00e1ban. Ezeket \u00edgy \u00e9rt\u00e9kes\u00edtj\u00fck tov\u00e1bb hazai partnereinknek kedvez\u0151 nagyker\u00e1ron.<br \/>\nN\u00e1lunk a v\u00e1s\u00e1rl\u00f3k b\u00e1rmikor megtekinthetik a zs\u00e1kok tartalm\u00e1t a nagykeresked\u00e9s telephely\u00e9n, \u00edgy szem\u00e9lyesen gy\u0151z\u0151dhetnek meg \u00e9s ellen\u0151r\u00edzhetik a kiv\u00e1l\u00f3 min\u0151s\u00e9get, ez\u00e1ltal is t\u00e1mogatva az el\u00e9getett v\u00e1s\u00e1rl\u00e1st.<br \/>\nNagykeresked\u00e9s\u00fcnk c\u00e9lja, hogy partnereinkkel hossz\u00fa t\u00e1von tudjunk egy\u00fcttm\u0171k\u00f6dni, amihez elengedhetetlen a magas min\u0151s\u00e9g\u0171, megb\u00edzhat\u00f3 \u00e1r\u00fa biztos\u00edt\u00e1sa, valamint a v\u00e1s\u00e1rl\u00f3k megfelel\u0151 t\u00e1j\u00e9koztat\u00e1sa \u00e9s a vel\u00fck val\u00f3 kapcsolat folyamatos \u00e1pol\u00e1sa.<br \/>\nLehet\u0151s\u00e9get ny\u00fajtunk \u00fczleti tan\u00e1csad\u00e1ssal sok \u00e9ves tapasztalataink alapj\u00e1n.<br \/>\nIg\u00e9ny szerint javaslatot tesz\u00fcnk hasznos \u00e9s bev\u00e1llt m\u00f3dszerekkel egy sikeresen m\u0171k\u00f6d\u0151 haszn\u00e1ltruha \u00fczlet kialak\u00edt\u00e1s\u00e1hoz, mint p\u00e9ld\u00e1ul a megfelel\u0151 \u00e1rmin\u0151s\u00e9gi szint kiv\u00e1laszt\u00e1sa vagy az elad\u00e1si \u00e1rak kialak\u00edt\u00e1sa.<\/p>\n<p>&nbsp;<\/p>\n<\/div><\/div>\n\n<style scope=\"scope\">\n\n<\/style>\n<\/div>\n<div class=\"container section-title-container\" ><h3 class=\"section-title section-title-bold\"><b><\/b><span class=\"section-title-main\" >Second hand \u00fczletek<\/span><b><\/b><\/h3><\/div><!-- .section-title -->\n<div class=\"row\"  id=\"row-540695664\">\n<div class=\"col medium-4 small-12 large-4\"  ><div class=\"col-inner\"  >\n<p><span style=\"font-size: 120%; color: #000000;\">Second hand nagykeresked\u00e9s &#8211; Zenta<br \/>\n<\/span><\/p>\n<p><strong><span style=\"color: #000000;\">Cim: <\/span><\/strong>Petefi \u0160andora 1., Zenta<\/p>\n<p><strong><span style=\"color: #000000;\">Tel.:<\/span><\/strong> +381 63 1141 722<\/p>\n<p><strong><span style=\"color: #000000;\">Fax<\/span><\/strong>: 024\/811-876<\/p>\n<\/div><\/div>\n<div class=\"col medium-4 small-12 large-4\"  ><div class=\"col-inner\"  >\n<p><span style=\"font-size: 120%; color: #000000;\">Second hand nagykeresked\u00e9s &#8211; Ujvidek<br \/>\n<\/span><\/p>\n<p><strong><span style=\"color: #000000;\">Cim:<\/span><\/strong> Bulevar Oslobodenja 88, Ujvidek<\/p>\n<p><strong><span style=\"color: #000000;\">Tel.:<\/span> <\/strong>+381 63 1141 722<\/p>\n<\/div><\/div>\n<div class=\"col medium-4 small-12 large-4\"  ><div class=\"col-inner\"  >\n<p><span style=\"font-size: 120%; color: #000000;\">Second hand nagykeresked\u00e9s &#8211; Zrenjanin<\/span><\/p>\n<p><strong><span style=\"color: #000000;\">Cim:<\/span><\/strong> Obala Sonje Marinkovi\u0107 16, Zrenjanin<\/p>\n<p><strong><span style=\"color: #000000;\">Tel.:<\/span> <\/strong>+381 63 1141 722<\/p>\n<\/div><\/div>\n<\/div>","protected":false},"excerpt":{"rendered":"","protected":false},"author":1,"featured_media":0,"parent":0,"menu_order":0,"comment_status":"closed","ping_status":"closed","template":"page-blank.php","meta":{"footnotes":""},"class_list":["post-158","page","type-page","status-publish","hentry"],"yoast_head":"<!-- This site is optimized with the Yoast SEO plugin v27.5 - https:\/\/yoast.com\/product\/yoast-seo-wordpress\/ -->\n<title>(Srpski) Second hand shop Adamtextiel | Mu\u0161ki sportski program za aktivan \u017eivot<\/title>\n<meta name=\"description\" content=\"(Srpski) U\u0111ite u Second hand shop \u201cAdamtextiel\u201d bez predrasuda i pazarite skoro nove, jednom obu\u010dene stvari ili ode\u0107u sa neprimetnom fabri\u010dkom.... Mu\u0161ki sportski ...\" \/>\n<meta name=\"robots\" content=\"index, follow, max-snippet:-1, max-image-preview:large, max-video-preview:-1\" \/>\n<link rel=\"canonical\" href=\"https:\/\/adamtextiel.rs\/o-nama\/\" \/>\n<meta property=\"og:locale\" content=\"hu_HU\" \/>\n<meta property=\"og:type\" content=\"article\" \/>\n<meta property=\"og:title\" content=\"[:sr]Second hand shop Adamtextiel | Mu\u0161ki sportski program za aktivan \u017eivot[:]\" \/>\n<meta property=\"og:description\" content=\"{:sr}U\u0111ite u Second hand shop \u201cAdamtextiel\u201d bez predrasuda i pazarite skoro nove, jednom obu\u010dene stvari ili ode\u0107u sa neprimetnom fabri\u010dkom.... Mu\u0161ki sportski ...{:}\" \/>\n<meta property=\"og:url\" content=\"https:\/\/adamtextiel.rs\/o-nama\/\" \/>\n<meta property=\"og:site_name\" content=\"Adamtextiel\" \/>\n<meta property=\"article:modified_time\" content=\"2023-11-06T08:18:59+00:00\" \/>\n<meta name=\"twitter:card\" content=\"summary_large_image\" \/>\n<meta name=\"twitter:label1\" content=\"Becs\u00fclt olvas\u00e1si id\u0151\" \/>\n\t<meta name=\"twitter:data1\" content=\"2 perc\" \/>\n<script type=\"application\/ld+json\" class=\"yoast-schema-graph\">{\"@context\":\"https:\\\/\\\/schema.org\",\"@graph\":[{\"@type\":\"WebPage\",\"@id\":\"https:\\\/\\\/adamtextiel.rs\\\/o-nama\\\/\",\"url\":\"https:\\\/\\\/adamtextiel.rs\\\/o-nama\\\/\",\"name\":\"[:sr]Second hand shop Adamtextiel | Mu\u0161ki sportski program za aktivan \u017eivot[:]\",\"isPartOf\":{\"@id\":\"https:\\\/\\\/adamtextiel.rs\\\/#website\"},\"datePublished\":\"2019-03-23T08:41:08+00:00\",\"dateModified\":\"2023-11-06T08:18:59+00:00\",\"description\":\"{:sr}U\u0111ite u Second hand shop \u201cAdamtextiel\u201d bez predrasuda i pazarite skoro nove, jednom obu\u010dene stvari ili ode\u0107u sa neprimetnom fabri\u010dkom.... Mu\u0161ki sportski ...{:}\",\"breadcrumb\":{\"@id\":\"https:\\\/\\\/adamtextiel.rs\\\/o-nama\\\/#breadcrumb\"},\"inLanguage\":\"hu\",\"potentialAction\":[{\"@type\":\"ReadAction\",\"target\":[\"https:\\\/\\\/adamtextiel.rs\\\/o-nama\\\/\"]}]},{\"@type\":\"BreadcrumbList\",\"@id\":\"https:\\\/\\\/adamtextiel.rs\\\/o-nama\\\/#breadcrumb\",\"itemListElement\":[{\"@type\":\"ListItem\",\"position\":1,\"name\":\"Home\",\"item\":\"https:\\\/\\\/adamtextiel.rs\\\/\"},{\"@type\":\"ListItem\",\"position\":2,\"name\":\"O nama\"}]},{\"@type\":\"WebSite\",\"@id\":\"https:\\\/\\\/adamtextiel.rs\\\/#website\",\"url\":\"https:\\\/\\\/adamtextiel.rs\\\/\",\"name\":\"Adamtextiel\",\"description\":\"Second Hand - prodaja polovne garderobe\",\"potentialAction\":[{\"@type\":\"SearchAction\",\"target\":{\"@type\":\"EntryPoint\",\"urlTemplate\":\"https:\\\/\\\/adamtextiel.rs\\\/?s={search_term_string}\"},\"query-input\":{\"@type\":\"PropertyValueSpecification\",\"valueRequired\":true,\"valueName\":\"search_term_string\"}}],\"inLanguage\":\"hu\"}]}<\/script>\n<!-- \/ Yoast SEO plugin. -->","yoast_head_json":{"title":"(Srpski) Second hand shop Adamtextiel | Mu\u0161ki sportski program za aktivan \u017eivot","description":"(Srpski) U\u0111ite u Second hand shop \u201cAdamtextiel\u201d bez predrasuda i pazarite skoro nove, jednom obu\u010dene stvari ili ode\u0107u sa neprimetnom fabri\u010dkom.... Mu\u0161ki sportski ...","robots":{"index":"index","follow":"follow","max-snippet":"max-snippet:-1","max-image-preview":"max-image-preview:large","max-video-preview":"max-video-preview:-1"},"canonical":"https:\/\/adamtextiel.rs\/o-nama\/","og_locale":"hu_HU","og_type":"article","og_title":"[:sr]Second hand shop Adamtextiel | Mu\u0161ki sportski program za aktivan \u017eivot[:]","og_description":"{:sr}U\u0111ite u Second hand shop \u201cAdamtextiel\u201d bez predrasuda i pazarite skoro nove, jednom obu\u010dene stvari ili ode\u0107u sa neprimetnom fabri\u010dkom.... Mu\u0161ki sportski ...{:}","og_url":"https:\/\/adamtextiel.rs\/o-nama\/","og_site_name":"Adamtextiel","article_modified_time":"2023-11-06T08:18:59+00:00","twitter_card":"summary_large_image","twitter_misc":{"Becs\u00fclt olvas\u00e1si id\u0151":"2 perc"},"schema":{"@context":"https:\/\/schema.org","@graph":[{"@type":"WebPage","@id":"https:\/\/adamtextiel.rs\/o-nama\/","url":"https:\/\/adamtextiel.rs\/o-nama\/","name":"[:sr]Second hand shop Adamtextiel | Mu\u0161ki sportski program za aktivan \u017eivot[:]","isPartOf":{"@id":"https:\/\/adamtextiel.rs\/#website"},"datePublished":"2019-03-23T08:41:08+00:00","dateModified":"2023-11-06T08:18:59+00:00","description":"{:sr}U\u0111ite u Second hand shop \u201cAdamtextiel\u201d bez predrasuda i pazarite skoro nove, jednom obu\u010dene stvari ili ode\u0107u sa neprimetnom fabri\u010dkom.... Mu\u0161ki sportski ...{:}","breadcrumb":{"@id":"https:\/\/adamtextiel.rs\/o-nama\/#breadcrumb"},"inLanguage":"hu","potentialAction":[{"@type":"ReadAction","target":["https:\/\/adamtextiel.rs\/o-nama\/"]}]},{"@type":"BreadcrumbList","@id":"https:\/\/adamtextiel.rs\/o-nama\/#breadcrumb","itemListElement":[{"@type":"ListItem","position":1,"name":"Home","item":"https:\/\/adamtextiel.rs\/"},{"@type":"ListItem","position":2,"name":"O nama"}]},{"@type":"WebSite","@id":"https:\/\/adamtextiel.rs\/#website","url":"https:\/\/adamtextiel.rs\/","name":"Adamtextiel","description":"Second Hand - prodaja polovne garderobe","potentialAction":[{"@type":"SearchAction","target":{"@type":"EntryPoint","urlTemplate":"https:\/\/adamtextiel.rs\/?s={search_term_string}"},"query-input":{"@type":"PropertyValueSpecification","valueRequired":true,"valueName":"search_term_string"}}],"inLanguage":"hu"}]}},"_links":{"self":[{"href":"https:\/\/adamtextiel.rs\/hu\/wp-json\/wp\/v2\/pages\/158","targetHints":{"allow":["GET"]}}],"collection":[{"href":"https:\/\/adamtextiel.rs\/hu\/wp-json\/wp\/v2\/pages"}],"about":[{"href":"https:\/\/adamtextiel.rs\/hu\/wp-json\/wp\/v2\/types\/page"}],"author":[{"embeddable":true,"href":"https:\/\/adamtextiel.rs\/hu\/wp-json\/wp\/v2\/users\/1"}],"replies":[{"embeddable":true,"href":"https:\/\/adamtextiel.rs\/hu\/wp-json\/wp\/v2\/comments?post=158"}],"version-history":[{"count":19,"href":"https:\/\/adamtextiel.rs\/hu\/wp-json\/wp\/v2\/pages\/158\/revisions"}],"predecessor-version":[{"id":596,"href":"https:\/\/adamtextiel.rs\/hu\/wp-json\/wp\/v2\/pages\/158\/revisions\/596"}],"wp:attachment":[{"href":"https:\/\/adamtextiel.rs\/hu\/wp-json\/wp\/v2\/media?parent=158"}],"curies":[{"name":"wp","href":"https:\/\/api.w.org\/{rel}","templated":true}]}}

Rólunk

<div class="row row-large align-middle align-center row-divided"  id="row-949958675">
<div class="col medium-5 small-12 large-5"  ><div class="col-inner"  >

  <div class="banner has-hover" id="banner-149748427">
          <div class="banner-inner fill">
        <div class="banner-bg fill" >
            <div class="bg fill bg-fill "></div>
                                    
                    </div><!-- bg-layers -->
        <div class="banner-layers container">
            <div class="fill banner-link"></div>            
   <div id="text-box-35557209" class="text-box banner-layer x50 md-x50 lg-x50 y50 md-y50 lg-y50 res-text">
                                <div class="text dark">
              
              <div class="text-inner text-center">
                  
              </div>
           </div><!-- text-box-inner -->
                            
<style scope="scope">

#text-box-35557209 {
  width: 60%;
}
#text-box-35557209 .text {
  font-size: 100%;
}
</style>
    </div><!-- text-box -->
 
        </div><!-- .banner-layers -->
      </div><!-- .banner-inner -->

            
<style scope="scope">

#banner-149748427 {
  padding-top: 943px;
}
#banner-149748427 .bg.bg-loaded {
  background-image: url(https://adamtextiel.rs/wp-content/uploads/2019/03/Zid_Kabina_KONC_1_MIX-1.jpg);
}
#banner-149748427 .bg {
  background-position: 100% 94%;
}
</style>
  </div><!-- .banner -->


</div></div>
<div class="col medium-5 small-12 large-5"  ><div class="col-inner"  >
<p>Az „Adamtextiel” doo 2007-ben alapult családi vállalkozás. Cégünk kizárólag megbízható Holland begyüjtő cégből származó minőségi használtruhát forgalmaz. Az árút közvetlenül importáljuk külföldről, így teljes mértékben érintetlen magas minőségű használtruhával tudunk dolgozni, kikerülve a plusz behozatali költségeket és ezáltal biztosítva a legalacsonyabb értékesítési árat.<br />
Széles kínálatunkban megtalálható női, férfi és gyermek használtruha, valamint számos egyéb kiegészitő, mint az övek, táskák, bőrárú és lakástextília.<br />
Termékeink között ismert nemzetközi márkák ruhái szerepelnek, mint pl. BOSS, ZARA, TOMMY HILFIGER, H&amp;M, NIKE, ADIDAS, CAMEL…<br />
Az árú első osztályú, extra és krém minőségi kategóriákra válogatva érkezik az országba, kizárólag fertőtlenített és csomagolt formában. Ezeket így értékesítjük tovább hazai partnereinknek kedvező nagykeráron.<br />
Nálunk a vásárlók bármikor megtekinthetik a zsákok tartalmát a nagykereskedés telephelyén, így személyesen győződhetnek meg és ellenőrízhetik a kiváló minőséget, ezáltal is támogatva az elégetett vásárlást.<br />
Nagykereskedésünk célja, hogy partnereinkkel hosszú távon tudjunk együttműködni, amihez elengedhetetlen a magas minőségű, megbízható árú biztosítása, valamint a vásárlók megfelelő tájékoztatása és a velük való kapcsolat folyamatos ápolása.<br />
Lehetőséget nyújtunk üzleti tanácsadással sok éves tapasztalataink alapján.<br />
Igény szerint javaslatot teszünk hasznos és bevállt módszerekkel egy sikeresen működő használtruha üzlet kialakításához, mint például a megfelelő árminőségi szint kiválasztása vagy az eladási árak kialakítása.</p>
<p>&nbsp;</p>
</div></div>

<style scope="scope">

</style>
</div>
<div class="container section-title-container" ><h3 class="section-title section-title-bold"><b></b><span class="section-title-main" >Second hand üzletek</span><b></b></h3></div><!-- .section-title -->
<div class="row"  id="row-540695664">
<div class="col medium-4 small-12 large-4"  ><div class="col-inner"  >
<p><span style="font-size: 120%; color: #000000;">Second hand nagykereskedés &#8211; Zenta<br />
</span></p>
<p><strong><span style="color: #000000;">Cim: </span></strong>Petefi Šandora 1., Zenta</p>
<p><strong><span style="color: #000000;">Tel.:</span></strong> +381 63 1141 722</p>
<p><strong><span style="color: #000000;">Fax</span></strong>: 024/811-876</p>
</div></div>
<div class="col medium-4 small-12 large-4"  ><div class="col-inner"  >
<p><span style="font-size: 120%; color: #000000;">Second hand nagykereskedés &#8211; Ujvidek<br />
</span></p>
<p><strong><span style="color: #000000;">Cim:</span></strong> Bulevar Oslobodenja 88, Ujvidek</p>
<p><strong><span style="color: #000000;">Tel.:</span> </strong>+381 63 1141 722</p>
</div></div>
<div class="col medium-4 small-12 large-4"  ><div class="col-inner"  >
<p><span style="font-size: 120%; color: #000000;">Second hand nagykereskedés &#8211; Zrenjanin</span></p>
<p><strong><span style="color: #000000;">Cim:</span></strong> Obala Sonje Marinković 16, Zrenjanin</p>
<p><strong><span style="color: #000000;">Tel.:</span> </strong>+381 63 1141 722</p>
</div></div>
</div>

<!-- This site is optimized with the Yoast SEO plugin v27.5 - https://yoast.com/product/yoast-seo-wordpress/ -->
<title>(Srpski) Second hand shop Adamtextiel | Muški sportski program za aktivan život</title>
<meta name="description" content="(Srpski) Uđite u Second hand shop “Adamtextiel” bez predrasuda i pazarite skoro nove, jednom obučene stvari ili odeću sa neprimetnom fabričkom.... Muški sportski ..." />
<meta name="robots" content="index, follow, max-snippet:-1, max-image-preview:large, max-video-preview:-1" />
<link rel="canonical" href="https://adamtextiel.rs/o-nama/" />
<meta property="og:locale" content="hu_HU" />
<meta property="og:type" content="article" />
<meta property="og:title" content="[:sr]Second hand shop Adamtextiel | Muški sportski program za aktivan život[:]" />
<meta property="og:description" content="{:sr}Uđite u Second hand shop “Adamtextiel” bez predrasuda i pazarite skoro nove, jednom obučene stvari ili odeću sa neprimetnom fabričkom.... Muški sportski ...{:}" />
<meta property="og:url" content="https://adamtextiel.rs/o-nama/" />
<meta property="og:site_name" content="Adamtextiel" />
<meta property="article:modified_time" content="2023-11-06T08:18:59+00:00" />
<meta name="twitter:card" content="summary_large_image" />
<meta name="twitter:label1" content="Becsült olvasási idő" />
	<meta name="twitter:data1" content="2 perc" />
<script type="application/ld+json" class="yoast-schema-graph">{"@context":"https:\/\/schema.org","@graph":[{"@type":"WebPage","@id":"https:\/\/adamtextiel.rs\/o-nama\/","url":"https:\/\/adamtextiel.rs\/o-nama\/","name":"[:sr]Second hand shop Adamtextiel | Muški sportski program za aktivan život[:]","isPartOf":{"@id":"https:\/\/adamtextiel.rs\/#website"},"datePublished":"2019-03-23T08:41:08+00:00","dateModified":"2023-11-06T08:18:59+00:00","description":"{:sr}Uđite u Second hand shop “Adamtextiel” bez predrasuda i pazarite skoro nove, jednom obučene stvari ili odeću sa neprimetnom fabričkom.... Muški sportski ...{:}","breadcrumb":{"@id":"https:\/\/adamtextiel.rs\/o-nama\/#breadcrumb"},"inLanguage":"hu","potentialAction":[{"@type":"ReadAction","target":["https:\/\/adamtextiel.rs\/o-nama\/"]}]},{"@type":"BreadcrumbList","@id":"https:\/\/adamtextiel.rs\/o-nama\/#breadcrumb","itemListElement":[{"@type":"ListItem","position":1,"name":"Home","item":"https:\/\/adamtextiel.rs\/"},{"@type":"ListItem","position":2,"name":"O nama"}]},{"@type":"WebSite","@id":"https:\/\/adamtextiel.rs\/#website","url":"https:\/\/adamtextiel.rs\/","name":"Adamtextiel","description":"Second Hand - prodaja polovne garderobe","potentialAction":[{"@type":"SearchAction","target":{"@type":"EntryPoint","urlTemplate":"https:\/\/adamtextiel.rs\/?s={search_term_string}"},"query-input":{"@type":"PropertyValueSpecification","valueRequired":true,"valueName":"search_term_string"}}],"inLanguage":"hu"}]}</script>
<!-- / Yoast SEO plugin. -->

(Srpski) Second hand shop Adamtextiel | Muški sportski program za aktivan život

(Srpski) Uđite u Second hand shop “Adamtextiel” bez predrasuda i pazarite skoro nove, jednom obučene stvari ili odeću sa neprimetnom fabričkom.... Muški sportski ...

[:sr]Second hand shop Adamtextiel | Muški sportski program za aktivan život[:]

{:sr}Uđite u Second hand shop “Adamtextiel” bez predrasuda i pazarite skoro nove, jednom obučene stvari ili odeću sa neprimetnom fabričkom.... Muški sportski ...{:}
